**2 + 4*r + 4. Let a(y) = -y**3 + 6*y**2 + 6*y + 2. Suppose -2*c + j - 2*j = -15, 0 = 3*c - 4*j - 17. Let w be a(c). Is l(w) a prime number?
True
Let r(n) = -n + 48. Let d be r(6). Is 278719/d - (-25)/30 composite?
False
Let w = 33349 + 60270. Suppose -4*v = -21*v + w. Is v composite?
False
Let w(c) = -15*c - 165. Let n be w(-7). Is ((-967)/(-1))/(n/70 - -1) prime?
False
Let l(n) be the first derivative of n**4/4 + 4*n**3 + 10*n**2 + 13*n - 18. Let z be l(-10). Suppose -z*b = -17*b + 1708. Is b a composite number?
True
Suppose -37*k + 142150528 + 41358927 = 0. Is k prime?
False
Let s = -147 - -151. Suppose s*h + 5*d - 43 = 0, 3*d = 2*h - 11 - 16. Is (-2)/h + (-39554)/(-12) - 3 a prime number?
False
Suppose -2*v = -6 - 2, 2*y + 8 = 2*v. Let t(i) = -31*i - 16*i - 17*i + 97 + 62*i. Is t(y) a prime number?
True
Suppose -23333366 = -38*b - b - 3431003. Is b prime?
False
Let t be 11*-138*192/144. Let u = 3385 + t. Is u a prime number?
True
Let b(f) = 13710*f - 391. Is b(7) a prime number?
False
Suppose 0 = 4*y - 2*p - 86, -4*y + 81 = -4*p + p. Suppose y*b = 27*b + 4557. Let d = -220 - b. Is d composite?
True
Suppose 3*m + 3*k = 717432, -5*m + 11*k - 7*k + 1195747 = 0. Is m a prime number?
True
Let n(i) = -28*i**3 + 3*i**2 + 2*i + 8. Let z be (-147)/(-42)*(1 + 1). Suppose -v = 5*f + 17, -4*f = -4*v - z*f - 34. Is n(v) a composite number?
True
Let r(l) = -372*l**3 + 3*l**2 + 16*l - 1. Is r(-6) a composite number?
False
Let w(m) = 37*m + 5297. Suppose -3 = -2*g + h + 2, g - 4*h - 20 = 0. Is w(g) composite?
False
Let o be 99 - ((-8)/(-20) + 34/(-10)). Let r(b) = 84 + 221 + 4*b - o + 2*b. Is r(0) a composite number?
True
Let i = -1347924 - -2079635. Is i a prime number?
True
Let z be 2 + -2 - 6/(-6). Let l be (17/(-2) + z)*(-4)/(-3). Let d(r) = r**2 - 8*r + 11. Is d(l) composite?
False
Let p = 102657 - 72316. Is p composite?
False
Is (-3)/(0 + (-18)/2451732) - (-1 + 1) prime?
False
Is (-3824475)/(-9) - ((-91)/21 - -7) prime?
True
Suppose -765074 = -2*z - 4*o, 3*z + 60*o = 55*o + 1147607. Is z composite?
True
Suppose -43*f + 1272609 + 459881 = -33*f. Is f a composite number?
False
Let o be 2156920/(-128) - (-1)/(-16). Let c = o - -28642. Is c a prime number?
False
Is 23760 + (14/9 - 92/(-207)) - 3 a composite number?
True
Suppose -12 = 4*u, 2*w - 11 = -u + 4*u. Suppose -2*c - 2447 = -2*i + 7*i, 2*i - 1228 = c. Is 1 + c/(w - 3) a prime number?
False
Let o = 2953 - 4483. Let h = o - -3394. Suppose -5*a + h = 3*t, -3*t = 3*a - 5*a + 733. Is a a composite number?
True
Let f be (37 + -1)*(-12)/96*4. Is (-3225)/f - (-12)/(-72) a composite number?
False
Let q = 1408 - -777. Suppose -4410 = -5*p + q. Is p composite?
False
Let l be (20/90)/((-2)/(-18)). Let y(a) = 399*a**3 + a - 1. Is y(l) a composite number?
True
Let p be ((-56)/21)/(1 + 406/(-402)). Suppose p*m = 262*m + 10806. Is m a prime number?
True
Let b(w) be the second derivative of 13/2*w**2 + 7/6*w**4 + 1/20*w**5 - 35*w + 0 + 5/2*w**3. Is b(-6) prime?
True
Suppose 32*h - 49360 - 334192 = 0. Suppose h = 2*q + t - 4651, q + 4*t - 8301 = 0. Is q a prime number?
False
Let c be 7 - 3/3 - 2/(-2). Suppose 7*d - 14 = c. Suppose 1105 = s - 4*m, 3*s - 6*m + d*m - 3306 = 0. Is s prime?
False
Let m(t) = -24*t + 43. Suppose 51*s = 45*s - 42. Is m(s) composite?
False
Let v(w) = -7*w - 85*w**2 + 61*w**2 + 25*w**2 + 107. Is v(-24) a composite number?
True
Let i(x) = 27*x - 6*x + 10*x**2 - 15*x**3 - 13*x - 12*x + 1. Is i(-8) prime?
True
Let b(l) = -l**2 - 9*l + 23. Let w be b(-11). Is ((-1)/(-1) - -261) + w a composite number?
False
Suppose 214*p - 539*p + 70522075 = 0. Is p a prime number?
True
Let t(o) = -o**2 + 10*o + 43. Let v be t(13). Suppose -u - f - 4*f = -4762, -5*u = -v*f - 23723. Is u prime?
False
Let a(i) = -5476*i + 159. Let o = 701 - 706. Is a(o) prime?
True
Let d(g) = 2*g - 20. Let x be d(4). Let v be (-8)/(8/x*3) - 1. Suppose -5*p + q = -2936, -v*q - 1175 = -2*p - 2*q. Is p a prime number?
True
Suppose 4*h + 2061534 = 5*w, -h = -28*w + 26*w + 824613. Is w prime?
False
Is (44/8 - 5)/(2/252812) prime?
False
Let z(r) = 23*r**3 + 23*r**2 - 5*r - 22*r**3 - 38 - 2*r**2 + 10. Is z(-15) a composite number?
True
Suppose -146*z = -143*z + 3*n - 7725396, 3*n + 2575120 = z. Is z a composite number?
False
Let g = -145 + 233. Is 33/g - (-30207)/24 a prime number?
True
Let f(n) = 89*n**2 - n - 5. Suppose -3*j = 36 - 36. Suppose 4*m + 20 = b + 2*b, j = -2*b + 4*m + 16. Is f(b) a composite number?
True
Let t(m) = -39*m - 67. Let b be t(-12). Let c = b + -108. Is c a prime number?
True
Suppose -2*v + 3547 = -9449. Suppose -h + 12947 = -v. Is h composite?
True
Let q(u) be the first derivative of 5*u**3 + 19*u + 3. Let a = -637 - -649. Is q(a) prime?
True
Suppose 1 - 15 = -j - 5*z, 4*j - 2*z - 12 = 0. Suppose -16 = -3*i - t, -2*t - 23 = -j*i - 3*t. Suppose i*b = 21827 - 6966. Is b prime?
False
Suppose 4*c + 3*w = -2*w - 5, 4*c - 3*w = 3. Suppose 3*x + 3*j = 0, -4*x + 5*j = -c*j. Is -18 - -209 - (x - -4) prime?
False
Let j(k) = 6778*k - 125. Suppose -5*p = -3*h + 33, -3*p = 2*h - 18 + 15. Is j(h) a composite number?
False
Let w(a) = -996*a + 26. Let c = 499 + -504. Is w(c) prime?
False
Let l be 4/18 - (-350)/45. Suppose l = y - 2*d, 5*y - 5*d - 73 = -6*d. Is y a prime number?
False
Let n = -92403 - -164824. Is n a composite number?
False
Is 2*(-346)/(15/(525/(-28))) a prime number?
False
Let p = -39 + -2. Let l = -14 - p. Suppose -3*c + 4*y - 113 = -6*c, c - 4*y - l = 0. Is c a composite number?
True
Let v(n) = n**3 + 3*n**2 - 3*n + 8. Let h be v(-5). Let r(o) = -135*o - 124. Is r(h) prime?
False
Let u(b) = -568*b**3 + b**2 + 18*b + 56. Is u(-9) prime?
False
Let w(v) = 319*v**2 - 111*v - 1335. Is w(-14) a prime number?
True
Let c be 168/(3 + -7) - 3. Let l = c - -42. Is 2/((-1066)/(-354) + l) composite?
True
Suppose -3 = -19*s + 18*s. Suppose x + 8*l = 3*l + 25, -3*l = -5*x - 15. Suppose x = -4*w - n + 2312 + 399, -4*n = s*w - 2017. Is w composite?
True
Let z(n) = 7*n**2 + 54*n + 379. Is z(-56) composite?
True
Let h = 695105 + -352458. Is h a prime number?
True
Let k = -1372 + 3486. Suppose -j = 2*n - 3147, -5*j - 4*n + 17819 = k. Is j a composite number?
False
Suppose -3*k = 8*k. Suppose -4*h + 8470 = -w - 5010, 5*h - 5*w - 16865 = k. Suppose -5*v - b + h = 0, 5*v - 3353 = 5*b - 2*b. Is v composite?
False
Suppose 5*k = -1653 - 632. Suppose -7*t + 3*t + 4953 = -5*f, 4*t - 4962 = 2*f. Let u = k + t. Is u a prime number?
False
Let n(r) = -r**2 - 4*r + 62. Let q be n(6). Suppose 43696 = 3*k + 3*v - q*v, -k = v - 14564. Is k a prime number?
False
Let v(a) = -954*a**3 + 184*a**2 + 12*a + 11. Is v(-6) composite?
False
Let t(r) = r**3 + 7*r**2 + r - 7. Let s be t(-5). Let m(k) = 52 - s + 262*k - 47. Is m(17) a prime number?
True
Suppose -2*l + v + 4280 = 5*v, 0 = -5*l + 5*v + 10700. Let d be -8 + 7 + l/(-2). Let m = d - -1808. Is m composite?
True
Let l = -145669 - -259316. Is l prime?
True
Suppose 7*x = 2*x + 100. Suppose -n + 13224 = a, 5 + x = -5*n. Is a prime?
True
Suppose 5*v = 5*u + 83240, -12*v - 2*u - 16653 = -13*v. Suppose 0 = -3*n - 14*n + v. Is n a composite number?
True
Let v = 105 + -100. Suppose 0 = v*q - 6*q - 24. Is (-1)/q*6 + (-3174)/(-8) a composite number?
False
Let y(j) = 12*j + 2. Let z be y(2). Let l = 34 - z. Suppose 13*d - l*d = 1910. Is d prime?
False
Let z(j) = -354*j**2 - 35*j + 17. Let i(x) = -236*x**2 - 23*x + 12. Let b(k) = 7*i(k) - 5*z(k). Is b(-2) a prime number?
True
Let y(h) = 3*h**3 + 3*h**2 - 2*h - 1. Suppose 154 = -5*s + 3*s. Let n = s - -86. Is y(n) a prime number?
True
Suppose 2*g = 4*i + 2370, -12*g + 5*i = -11*g - 1176. Is g a composite number?
True
Let h(l) = 960*l + 4663. Is h(12) a composite number?
False
Suppose -2*g + 2 = 1586. Suppose -3*v - 15 = 0, -4*v + 212 = h + 726. Let s = h - g. Is s a prime number?
False
Let p(h) = 39*h**3 - 11*h**2 + 7*h + 28. Let a be p(7). Suppose 0*k - k + 2571 = 2*g, -a = -5*k + 5*g. Is k composite?
False
Let o = -2 - 73. Let u = 89 + o. Is (2 - 4)/(u/(-1183)) a prime number?
False
Suppose 5*k - 37 - 17 = -s, s - 10 = -k. Suppose -4*o + 102 = -4*m + 830, -4*o - 8 = 0. Suppose -m = -i - k. Is i prime?
False
Suppose 5*t + 3033 = 13298. Is t prime?
True
Suppose -3*c = -5*f + 2083, -c + 5 = 1. Let b(n) = n**2 - 58*n + 333. Let p be b(55). Let t = p + f. I